rime factors of v.
2, 3
Suppose 3*j + s = 1, s = 2*j - j - 3. Let c = 1 + j. List the prime factors of c.
2
Suppose 2*m - 6*m - 5*r = -342, -m = 3*r - 89. List the prime factors of m.
83
Suppose s = -s + 4. What are the prime factors of (-13)/(1/s*-2)?
13
Let m = -9 - -1. Let g = m + 22. List the prime factors of g.
2, 7
Let n(s) be the first derivative of -4*s**2 - 2*s + 2. Let p be n(-2). What are the prime factors of (p/21)/(4/54)?
3
Let r(d) = 4*d**2 + d - 3. List the prime factors of r(-5).
2, 23
Suppose g = 4*u + 76, -2*u + 1 = -g + 87. Let i = g + -20. Suppose -w = 3*w - i. What are the prime factors of w?
19
What are the prime factors of (-26)/(-7) - (-6)/21?
2
Suppose -3*m - 80 = -7*m. List the prime factors of m.
2, 5
Let g = -27 - -43. What are the prime factors of g?
2
Suppose 0 = 2*z + 4*z - 558. What are the prime factors of z?
3, 31
Let w = 16 - -152. What are the prime factors of w/6 + 1 + -3?
2, 13
Suppose 3*s - 3*x = -40 + 214, 314 = 5*s + 3*x. List the prime factors of s.
61
Let s = -92 - -81. Let d be (8/2)/((-1)/(-4)). Let k = d + s. What are the prime factors of k?
5
Let w be (1 + 0 - 1)/2. Suppose 2*m - 29 = v, w = m + m + 3*v - 9. What are the prime factors of m?
2, 3
Suppose 3*x - 2*m - 734 = -3*m, -4*x + 981 = -m. List the prime factors of x.
5, 7
Let c = 373 - 233. List the prime factors of c.
2, 5, 7
Let d(f) = 96*f**2 - 3*f - 3. List the prime factors of d(-2).
3, 43
Suppose 0 = 2*m + 3 + 1, 3*m = -4*a - 62. Let f = a - -16. What are the prime factors of f?
2
Let t = -57 - -84. List the prime factors of (-1)/(t/28 + -1).
2, 7
Let g be (-1)/4 - 1/(-4). Let r = -8 - -11. Suppose g*l - 21 = -r*l. What are the prime factors of l?
7
Suppose 0 = -t + 3, 0 = 3*s - 4*t - 14 - 13. Suppose -3*o = -32 - s. List the prime factors of o.
3, 5
Let s be -2 - (-1)/((-2)/(-4)). Suppose -k + g + 10 = 0, s = -4*k + 2*g - 5*g + 47. What are the prime factors of k?
11
Let u be (-3 - -1) + 0 + 10. Let w(b) = 2*b + 11. Let q be w(u). Suppose -3*i + q - 6 = 0. List the prime factors of i.
7
Let b = 12 + 50. Suppose -17 = -5*i - b. Let q = i - -19. What are the prime factors of q?
2, 5
Let k(y) = 2*y**2 + 3*y - 4. Let u be k(-3). Suppose -s = -3*q + 19, -u*q + 16 = 4*s - 10. What are the prime factors of q?
2, 3
Suppose 0 = 2*q - 9*q + 546. What are the prime factors of q?
2, 3, 13
Let m(w) = w + 8. Suppose 4*g + 9 = -15. Let n be m(g). Suppose 0 = f - 3, -u + 4*f = 8 - n. List the prime factors of u.
2, 3
Suppose -4*c - 2*u = -0*u + 16, -4*c - 16 = -u. Let a = c - -7. Suppose -a*z - 5 = -14. What are the prime factors of z?
3
Let u be (-112)/6*(-27)/6. Suppose 32 - u = -4*d. Let c = -8 + d. List the prime factors of c.
5
Let z = -3 + 3. Suppose -4*c - 16 = i, -i - 2*c + c = 4. Suppose z = d - i*d - 9. What are the prime factors of d?
3
Let d = -127 + 414. List the prime factors of d.
7, 41
Suppose -x - 15 = 2*x. Let z be (-1 + 3)*x/(-2). Suppose 35 = z*l + 15. List the prime factors of l.
2
Let d(n) be the second derivative of 2*n**3/3 + n**2/2 - 2*n. Let r be d(2). Let k = r - 4. List the prime factors of k.
5
Suppose 537 = 3*l + 4*q, 2*q - 1 = l - 180. List the prime factors of l.
179
Suppose -4*d = -0*d - 88. Suppose 0 = 3*n - d - 17. Suppose 0 = 3*i - 23 - n. List the prime factors of i.
2, 3
What are the prime factors of 558/8 - (-3 + (-33)/(-12))?
2, 5, 7
Suppose -5*y = -12 + 87. What are the prime factors of (-2)/(-5) + (-69)/y?
5
Suppose -5*v = -2*p + 60, 2*v - v - 204 = -5*p. List the prime factors of p.
2, 5
Let p(x) be the second derivative of x**4/6 + 7*x**3/6 - x**2 + 6*x. List the prime factors of p(-4).
2
Suppose 7*j + 12 = 3*j. Let z be (2/(-4))/(j/24). Suppose -12 = -z*n - 4. What are the prime factors of n?
2
Let t(m) = m**3 - 15*m**2 - 13*m + 24. What are the prime factors of t(16)?
2, 3
List the prime factors of 5/((-20)/(-336)) + 3 + -5.
2, 41
Suppose 0 = -2*o - 5*m + 161, 0 = o + 2*m + m - 80. What are the prime factors of o?
83
Let t(y) be the third derivative of y**6/120 - y**4/24 + 4*y**3/3 - 3*y**2. Let s = -3 - -3. What are the prime factors of t(s)?
2
Let o(j) = j**3 + 4*j**2 - 8*j - 3. Let t = -13 + 8. List the prime factors of o(t).
2, 3
Suppose f + 3*f = -24. Let t be (12/8)/((-6)/8). Let r = t - f. What are the prime factors of r?
2
Let q(z) = z. Let o(t) = -4*t + 1. Let m(i) = -o(i) + 5*q(i). Let s(r) = r**2 - 3*r - 3. Let v be s(4). What are the prime factors of m(v)?
2
Suppose -2*h = 3*h - 120. Suppose 4*x - h - 36 = 0. List the prime factors of x.
3, 5
Let d = 2 - -4. What are the prime factors of ((-18)/(-15))/(d/15)?
3
Let o(b) = -2*b - 7. Let l be o(-7). Suppose -4*c - 2*z + 18 = 0, -2*z = l + 3. What are the prime factors of c?
7
Suppose -s = -4*j + 345, 0 = 4*s + 6 - 18. List the prime factors of j.
3, 29
Suppose -4*y + 587 = -3*j, 5*j + 658 = 3*y + 215. What are the prime factors of y?
2, 73
Let y = -54 + 126. List the prime factors of y.
2, 3
Suppose -2*w + 16 = 2*w. List the prime factors of w.
2
Let f = -46 - -131. List the prime factors of f.
5, 17
Let a(g) be the first derivative of -3*g**2 - 3*g + 4. What are the prime factors of a(-4)?
3, 7
Suppose 15 = -3*p, -2*q - 2*p + 17 = -3*p. Let d = q + 3. List the prime factors of d.
3
Let k = -209 - -324. List the prime factors of k.
5, 23
Suppose -2*a + 3*q - 11 = 7, -4*q + 25 = -3*a. Let i be 0 - 4*(a - -2). List the prime factors of (i/5)/((-1)/(-10)).
2
Let n = 54 + -16. List the prime factors of n.
2, 19
List the prime factors of 4/(330/81 + -4).
2, 3
Let b(d) = d**2 - 5*d + 4. Let f be b(6). Suppose -3*x - f = -c - x, -4*x - 6 = -c. What are the prime factors of c?
2, 7
Let f be (4/6)/(20/(-390)). Let u(p) = -p + 3. List the prime factors of u(f).
2
Let i = -3 + 7. Let h = 39 - 39. Suppose -7*o + x + 31 = -2*o, h = i*x + 4. List the prime factors of o.
2, 3
Let u(v) = -6*v**3 + v**2 + 2*v + 1. List the prime factors of u(-1).
2, 3
Let p(g) = 4*g**2 - 2*g - 2. Let b be p(3). Let d = 51 + -46. Suppose s - d*s = -b. What are the prime factors of s?
7
Let s(k) = k**2 + 4*k + 3. Let b be s(-9). What are the prime factors of (-3)/((-9)/b) - 2?
2, 7
Let j(k) = k - 7. Let s be j(9). Suppose 3*x + s = -3*o + 8, -x = -2*o - 14. Let d = x - -12. List the prime factors of d.
2, 3
Suppose 4*f + 375 = 5*a, -2*a = -2*f - 169 + 19. Suppose 16 = 4*b - 0*b. Suppose q - a = -b*q. List the prime factors of q.
3, 5
Suppose 0*h = -3*h + 3, -3*p + 5*h = 110. Let a = p + 56. What are the prime factors of a?
3, 7
Let y = 138 + -36. List the prime factors of y.
2, 3, 17
Let k be (-2)/8 + 27/12. Suppose 2*i + 2*i - 52 = -4*d, 10 = k*i. What are the prime factors of d?
2
What are the prime factors of 2104/40 + (-2)/(-5)?
53
Suppose -2*l = -7*l. Let a = 21 + l. List the prime factors of a.
3, 7
Let j(g) = g**2 + 8*g + 6. Let h(s) = -s - 7. Let b be h(9). Let k = 8 + b. What are the prime factors of j(k)?
2, 3
Suppose -3*p + 21 = 3*r - 6*p, -3*r - p = -41. Let z = -22 + r. Let y(j) = -j**2 - 10*j + 13. List the prime factors of y(z).
13
Suppose -68 = -j - 3*j. Suppose 5*b + n = 54, 0 = -3*b + 2*b + 4*n - 6. Suppose 3*k - j - b = 0. List the prime factors of k.
3
Let q be 3/(-1 - 0 - 0). Let i be -3*(-6)/(-9)*q. Suppose -i = -3*n + 2*n. What are the prime factors of n?
2, 3
Suppose 0 = -8*l + 9*l - 116. List the prime factors of l.
2, 29
Suppose -4*z = -0*z. Let t(a) = -a**2 + 16. What are the prime factors of t(z)?
2
Let h(p) = -p**3 - 7*p**2 - 7*p - 4. Let k = 5 - 9. Let w be h(k). Let f = -10 - w. List the prime factors of f.
2, 7
List the prime factors of 10/(-15)*618/(-4).
103
Let l be (-2)/(-8) - 49/(-28). Suppose -8 = -2*u - l*a, 2*u - a = a + 24. List the prime factors of u.
2
Suppose q - y = 215, -4*q - 1059 = -9*q - 3*y. List the prime factors of q.
3, 71
Let p(d) = d**2 - 2*d + 4. Let g be p(3). Suppose -3*f = -g*f + 36. What are the prime factors of f?
3
Suppose 922 = 4*k + 86. What are the prime factors of k?
11, 19
Let k(s) be the second derivative of 31*s**4/12 + s**3/6 + s. Let u be k(1). Suppose -2*m = -6*m + u. List the prime factors of m.
2
Suppose 36 + 28 = 4*b. Let z(i) = -i + 18. What are the prime factors of z(b)?
2
Suppose 3*a - 44 = 22. What are the prime factors of a?
2, 11
Let l be 5/20*4/(-1). Let b = l + 5. What are the prime factors of b?